31?
9
What is the tens digit of 4454075?
7
What is the millions digit of 14639164?
4
What is the hundreds digit of 8013364?
3
What is the ten thousands digit of 100377?
0
What is the ten thousands digit of 16946849?
4
What is the ten thousands digit of 713295?
1
What is the hundreds digit of 246939?
9
What is the tens digit of 14079244?
4
What is the hundreds digit of 2831008?
0
What is the thousands digit of 405360?
5
What is the millions digit of 1419907?
1
What is the ten millions digit of 28055806?
2
What is the hundreds digit of 356359?
3
What is the units digit of 190488?
8
What is the hundred thousands digit of 1325133?
3
What is the hundred thousands digit of 4372491?
3
What is the hundreds digit of 17627178?
1
What is the ten millions digit of 20349706?
2
What is the ten thousands digit of 1038867?
3
What is the units digit of 33727?
7
What is the ten millions digit of 35459050?
3
What is the tens digit of 619547?
4
What is the millions digit of 22272087?
2
What is the units digit of 233902?
2
What is the thousands digit of 11518782?
8
What is the ten thousands digit of 326651?
2
What is the units digit of 7652156?
6
What is the hundreds digit of 1460901?
9
What is the thousands digit of 1386295?
6
What is the units digit of 29020?
0
What is the ten thousands digit of 1852235?
5
What is the ten millions digit of 14569394?
1
What is the thousands digit of 38250784?
0
What is the tens digit of 52011?
1
What is the tens digit of 222729?
2
What is the ten thousands digit of 227589?
2
What is the hundred thousands digit of 1417976?
4
What is the hundred thousands digit of 5735185?
7
What is the hundreds digit of 310110?
1
What is the tens digit of 204429?
2
What is the hundreds digit of 2367901?
9
What is the ten millions digit of 12138620?
1
What is the thousands digit of 178882?
8
What is the tens digit of 353709?
0
What is the hundreds digit of 62632?
6
What is the ten thousands digit of 11321070?
2
What is the hundreds digit of 822132?
1
What is the thousands digit of 393486?
3
What is the ten millions digit of 14489600?
1
What is the tens digit of 371713?
1
What is the units digit of 198762?
2
What is the ten thousands digit of 9537474?
3
What is the hundred thousands digit of 3692816?
6
What is the hundred thousands digit of 980744?
9
What is the hundred thousands digit of 1623788?
6
What is the hundred thousands digit of 4710864?
7
What is the ten thousands digit of 3032227?
3
What is the ten thousands digit of 3213058?
1
What is the ten thousands digit of 348343?
4
What is the hundred thousands digit of 22319469?
3
What is the units digit of 30970?
0
What is the thousands digit of 1487608?
7
What is the thousands digit of 3960?
3
What is the thousands digit of 612721?
2
What is the thousands digit of 1442778?
2
What is the millions digit of 18549308?
8
What is the thousands digit of 2166285?
6
What is the ten thousands digit of 6701371?
0
What is the ten thousands digit of 776419?
7
What is the units digit of 777919?
9
What is the units digit of 1383708?
8
What is the tens digit of 59719?
1
What is the millions digit of 18132485?
8
What is the millions digit of 3566573?
3
What is the ten thousands digit of 742742?
4
What is the units digit of 14954572?
2
What is the units digit of 8275479?
9
What is the ten thousands digit of 132533?
3
What is the thousands digit of 52171?
2
What is the ten thousands digit of 81367?
8
What is the hundred thousands digit of 738980?
7
What is the millions digit of 19416467?
9
What is the hundred thousands digit of 5347475?
3
What is the millions digit of 1223435?
1
What is the tens digit of 120958?
5
What is the hundred thousands digit of 1616860?
6
What is the thousands digit of 30002?
0
What is the millions digit of 4049793?
4
What is the hundred thousands digit of 203701?
2
What is the hundreds digit of 797526?
5
What is the tens digit of 153658?
5
What is the tens digit of 21093282?
8
What is the tens digit of 1995810?
1
What is the hundred thousands digit of 177298?
1
What is the hundreds digit of 229528?
5
What is the tens digit of 6556002?
0
What is the hundreds digit of 1507523?
5
What is the tens digit of 7291808?
0
What is the thousands digit of 239513?
9
What is the thousands digit of 7563486?
3
What is the units digit of 213757?
7
What is the thousands digit of 426766?
6
What is the hundreds digit of 3933808?
8
What is the ten thousands digit of 14503?
1
What is the units digit of 19686872?
2
What is the units digit of 742565?
5
What is the thousands digit of 202995?
2
What is the ten thousands digit of 2331779?
3
What is the ten thousands digit of 4625433?
2
What is the thousands digit of 11695403?
5
What is the millions digit of 2683042?
2
What is the hundreds digit of 496136?
1
What is the ten thousands digit of 77116?
7
What is the millions digit of 5747162?
5
What is the hundred thousands digit of 2232840?
2
What is the thousands digit of 4888864?
8
What is the tens digit of 687654?
5
What is the millions digit of 4680175?
4
What is the tens digit of 288982?
8
What is the tens digit of 36416?
1
What is the ten thousands digit of 6187316?
8
What is the thousands digit of 292054?
2
What is the hundreds digit of 623832?
8
What is the hundred thousands digit of 23819624?
8
What is the millions digit of 1347909?
1
What is the hundreds digit of 306131?
1
What is the units digit of 11130133?
3
What is the tens digit of 5030056?
5
What is the thousands digit of 6380857?
0
What is the ten thousands digit of 34798?
3
What is the units digit of 6056469?
9
What is the thousands digit of 9100986?
0
What is the hundred thousands digit of 2162025?
1
What is the tens digit of 1468158?
5
What is the ten thousands digit of 311208?
1
What is the units digit of 607084?
4
What is the millions digit of 1963060?
1
What is the hundred thousands digit of 162660?
1
What is the thousands digit of 65560?
5
What is the tens digit of 70892?
9
What is the units digit of 3993458?
8
What is the tens digit of 3438407?
0
What is the ten thousands digit of 141759?
4
What is the tens digit of 454533?
3
What is the hundreds digit of 352260?
2
What is the thousands digit of 407357?
7
What is the hundred thousands digit of 599731?
5
What is the units digit of 56725?
5
What is the units digit of 3496789?
9
What is the units digit of 1489665?
5
What is the hundred thousands digit of 1375791?
3
What is the thousands digit of 5803161?
3
What is the thousands digit of 4763007?
3
What is the hundred thousands digit of 471212?
4
What is the thousands digit of 18805396?
5
What is the tens digit of 3390618?
1
What is the hundred thousands digit of 151243?
1
What is the hundred thousands digit of 22686679?
6
What is the hundred thousands digit of 17777791?
7
What is the millions digit of 3829482?
3
What is the thousands digit of 3750925?
0
What is the ten thousands digit of 3881737?
8
What is the hundreds digit of 2792379?
3
What is the tens digit of 3157209?
0
What is the tens digit of 1845088?
8
What is the hundred thousands digit of 8565977?
5
What is the thousands digit of 1710423?
0
What is the hundred thousands digit of 2968953?
9
What is the tens digit of 1660073?
7
What is the hundred thousands digit of 771419?
7
What is the ten millions digit of 23079756?
2
What is the hundreds digit of 210009?
0
What is the hundreds digit of 20466276?
2
What is the hundreds digit of 3509577?
5
What is the thousands digit of 179506?
9
What is the units digit of 43089?
9
What is the tens digit of 252531?
3
What is the tens digit of 39730?
3
What is the millions digit of 2779594?
2
What is the hundred thousands digit of 207752?
2
What is the units digit of 155809?
9
What is the hundreds digit of 700719?
7
What is the units digit of 391587?
7
What is the hundred thousands digit of 15113550?
1
What is the tens digit of 679489?
8
What is the thousands digit of 3951869?
1
What is the units digit of 5920001?
1
What is the hundred thousands digit of 9072782?
0
What is the thousands digit of 17524786?
4
What is the ten thousands digit of 103193?
0
What is the units digit of 365416?
6
What is the hundreds digit of 55454?
4
What is the units digit of 1332290?
0
What is the tens digit of 1494210?
1
What is the thousands digit of 2298525?
8
What is